{"version":"1.0","provider_name":"Fefe \u00e9lete","provider_url":"https:\/\/eletunkfefe.cafeblog.hu","author_name":"Paku Andrea","author_url":"https:\/\/eletunkfefe.cafeblog.hu\/author\/paku_andrea\/","title":"Szem\u00e9szet","html":"Ma voltunk a S\u00e9nyi doktorn\u0151n\u00e9l szem\u00e9szeten.<br \/>Csepegtetve lett Fefe szem\u00e9be, hogy kit\u00e1guljon a pupill\u00e1ja. A doktorn\u0151 meg akarta n\u00e9zni a pupillareflexet, mert hogy mondtam hogy az van. Elkezdte l\u00e1mp\u00e1zni, de semmi. N\u00e9zett er\u0151sebb l\u00e1mp\u00e1t, de semmi. J\u00f6tt a f\u00e9nyk\u00e9pez\u0151 vakuja, de semmi, mire kider\u00fclt hogy ha t\u00e1g\u00edtva lett akkor ne is akarjunk pupillareflexet. Mondhatom, hogy v\u00e9rt izzadtam hirtelen, hogy mi lett a szem\u00e9vel. \u00c1\u00c1\u00c1 Na a l\u00e9nyeg, hogy l\u00e1t Fefe csak gyeng\u00e9n, \u00e9s javul is a l\u00e1t\u00e1sa de kap szem\u00fcveget amivel jobban fog l\u00e1tni \u00e9s az \u00e9rdekl\u0151d\u00e9se is jobb lesz. A fejleszt\u00e9sekn\u00e9l kell feltenni majd. Kell tov\u00e1bb l\u00e1mp\u00e1zni, pl kar\u00e1csonyfa\u00e9g\u0151kkel j\u00f3 k\u00f6zel, t\u00e1bl\u00e1k is mehetnek \u00e9s a Vakod\u00e1ban is majd ez alapj\u00e1n megy a fejleszt\u00e9si terv. Meg is rendelt\u00fck az arany \u00e1r\u00e1ban sz\u00e1molt keretet \u00e9s a lencs\u00e9ket, \u00f6sszesen 28000Ft. M\u00e9g j\u00f3 hogy lehet kapni. Na mindegy a l\u00e9nyeg hogy ez rem\u00e9lhet\u0151leg seg\u00edt majd. Szeptemberben kell visszamenni kontrollra. <br \/>Am\u00fagy egy nagyon kedves doktorn\u0151r\u0151l van sz\u00f3. L\u00e1tszik rajta, hogy a gyerekeket is szereti \u00e9s a szakm\u00e1j\u00e1t is. Ritka az ilyen.","type":"rich"}

Fefe élete

Szemészet

Ma voltunk a Sényi doktornőnél szemészeten.<br />Csepegtetve lett Fefe szemébe, hogy kitáguljon a pupillája. A doktornő meg akarta nézni a pupillareflexet, mert hogy mondtam hogy az van. Elkezdte lámpázni, de semmi. Nézett erősebb lámpát, de semmi. Jött a fényképező vakuja, de semmi, mire kiderült hogy ha tágítva lett akkor ne is akarjunk pupillareflexet. Mondhatom, hogy vért izzadtam hirtelen, hogy mi lett a szemével. ÁÁÁ Na a lényeg, hogy lát Fefe csak gyengén, és javul is a látása de kap szemüveget amivel jobban fog látni és az érdeklődése is jobb lesz. A fejlesztéseknél kell feltenni majd. Kell tovább lámpázni, pl karácsonyfaégőkkel jó közel, táblák is mehetnek és a Vakodában is majd ez alapján megy a fejlesztési terv. Meg is rendeltük az arany árában számolt keretet és a lencséket, összesen 28000Ft. Még jó hogy lehet kapni. Na mindegy a lényeg hogy ez remélhetőleg segít majd. Szeptemberben kell visszamenni kontrollra. <br />Amúgy egy nagyon kedves doktornőről van szó. Látszik rajta, hogy a gyerekeket is szereti és a szakmáját is. Ritka az ilyen.
