{"version":"1.0","provider_name":"Fefe \u00e9lete","provider_url":"https:\/\/eletunkfefe.cafeblog.hu","author_name":"Paku Andrea","author_url":"https:\/\/eletunkfefe.cafeblog.hu\/author\/paku_andrea\/","title":"","html":"Hogy j\u00f3t is mondja, ma megvolt az els\u0151 m\u00e1sz\u00f3 vagy k\u00fasz\u00f3 (mindegy) \u00f6n\u00e1ll\u00f3 mozg\u00e1sunk. Kicsit elf\u00e1radtam, Fefe meg tele volt energi\u00e1val \u00edgy leraktam a has\u00e1ra. Eddig is pakolgatta a l\u00e1bait, de ma haladtunk :D :D persze a kamera l\u00e1tt\u00e1ra (?) abbamaradt minden :D","type":"rich"}

Fefe élete

Hogy jót is mondja, ma megvolt az első mászó vagy kúszó (mindegy) önálló mozgásunk. Kicsit elfáradtam, Fefe meg tele volt energiával így leraktam a hasára. Eddig is pakolgatta a lábait, de ma haladtunk :D :D persze a kamera láttára (?) abbamaradt minden :D
