{"version":"1.0","provider_name":"Fefe \u00e9lete","provider_url":"https:\/\/eletunkfefe.cafeblog.hu","author_name":"Paku Andrea","author_url":"https:\/\/eletunkfefe.cafeblog.hu\/author\/paku_andrea\/","title":"2 \u00e9v","html":"<a href=\"http:\/\/2.bp.blogspot.com\/-8dUATUN-vWI\/Tu9Jzbo-98I\/AAAAAAAAAH4\/BqlHs1lbp3k\/s1600\/100_1725.JPG\" style=\"clear: right;float: right;margin-bottom: 1em;margin-left: 1em\"><img border=\"0\" height=\"240\" src=\"https:\/\/eletunkfefe.cafeblog.hu\/files\/2011\/12\/100_1725.jpg\" width=\"320\" \/><\/a>Tegnap volt 2 \u00e9ve, hogy Fefe vel\u00fcnk lehet, \u00e9s ennek \u00f6r\u00f6m\u00e9re hajnalban lett egy j\u00f3 kis rohama \u00edgy a mi \u00fasz\u00e1s elnapolva :(<br \/>\u00c9rdekes, mert tegnap este \u00e9n is nehezen aludtam el, Apa forgol\u00f3dott nagyon, a hifi egyszer csak bekapcsolt, a kutya is ugatta a letakart t\u00fckr\u00f6t (\u00e9jszak\u00e1ra letakarjuk a t\u00fckr\u00f6ket), any\u00f3s papag\u00e1jai megkerg\u00fcltek..... Na mindegy, a holnapi torn\u00e1t lemondtam, \u00edgy nem k\u00ednzom. Az \u00faj torn\u00e1szt este kell h\u00edvni id\u0151pont miatt. <br \/>Fefe m\u00e1r nem hajland\u00f3 a t\u00e1pszert a szervezet\u00e9be juttatni, most m\u00e1son agyalunk :S j\u00f3 volt folyad\u00e9knak is pedig, de ha nem akkor nem. Most f\u0151zel\u00e9k lesz a vacsi is, igen lesz\u0171k\u00fclt az \u00e9telek v\u00e1ltozatoss\u00e1ga. az\u00e9rt pr\u00f3b\u00e1lkozok a t\u00e1pszerrel, nem lenne rossz ha meginn\u00e1 legal\u00e1bb, m\u00e1st inni sem nagyon akar. <br \/><br \/>Ma el akartam int\u00e9zni a k\u00f6zgy\u00f3gy emel\u00e9s\u00e9t, de persze m\u00e9g egy ezredik igazol\u00e1s is kell hozz\u00e1. Hihetetlen mi megy itt. \u00e1\u00e1\u00e1\u00e1\u00e1\u00e1","type":"rich"}

Fefe élete

2 év

<a href="http://2.bp.blogspot.com/-8dUATUN-vWI/Tu9Jzbo-98I/AAAAAAAAAH4/BqlHs1lbp3k/s1600/100_1725.JPG" style="clear: right;float: right;margin-bottom: 1em;margin-left: 1em"><img border="0" height="240" src="https://eletunkfefe.cafeblog.hu/files/2011/12/100_1725.jpg" width="320" /></a>Tegnap volt 2 éve, hogy Fefe velünk lehet, és ennek örömére hajnalban lett egy jó kis rohama így a mi úszás elnapolva :(<br />Érdekes, mert tegnap este én is nehezen aludtam el, Apa forgolódott nagyon, a hifi egyszer csak bekapcsolt, a kutya is ugatta a letakart tükröt (éjszakára letakarjuk a tükröket), anyós papagájai megkergültek..... Na mindegy, a holnapi tornát lemondtam, így nem kínzom. Az új tornászt este kell hívni időpont miatt. <br />Fefe már nem hajlandó a tápszert a szervezetébe juttatni, most máson agyalunk :S jó volt folyadéknak is pedig, de ha nem akkor nem. Most főzelék lesz a vacsi is, igen leszűkült az ételek változatossága. azért próbálkozok a tápszerrel, nem lenne rossz ha meginná legalább, mást inni sem nagyon akar. <br /><br />Ma el akartam intézni a közgyógy emelését, de persze még egy ezredik igazolás is kell hozzá. Hihetetlen mi megy itt. áááááá
