{"version":"1.0","provider_name":"Fefe \u00e9lete","provider_url":"https:\/\/eletunkfefe.cafeblog.hu","author_name":"Paku Andrea","author_url":"https:\/\/eletunkfefe.cafeblog.hu\/author\/paku_andrea\/","title":"Budai Rehab","html":"Voltunk cs\u00fct\u00f6rt\u00f6k\u00f6n a budai Rehabon. A doktorn\u0151 nagyon kedves volt \u00e9s ami m\u00e9g  jobban tetszett benne, hogy \u0151szinte. Azonnal beveszik a programban, de  ez is majd csak m\u00e1jusban fog megt\u00f6rt\u00e9nni, akkor lesz hely \u00e9s 3 hetes  intenz\u00edv ter\u00e1pi\u00e1n vesz r\u00e9szt, ahol komplex fejleszt\u00e9st kap majd. Ott is  fogunk lakni, h\u00e9tv\u00e9g\u00e9kre hazaj\u00f6v\u00fcnk majd az\u00e9rt. levett\u00e9k a m\u00e9reteket k\u00e9z  \u00e9s l\u00e1bs\u00ednre, \u00fcl\u0151modulra \u00e9s csin\u00e1lnak neki egy cs\u00edp\u0151 torn\u00e1ztat\u00f3t is amit  majd este kell feltenni neki. Rossz \u00e1llapotban van, de m\u00e9g jav\u00edthat\u00f3.  Szerd\u00e1n megy\u00fcnk pr\u00f3b\u00e1ra. A dokikr\u00f3l \u00e9s a Magyarorsz\u00e1gi helyzetr\u0151l a  v\u00e9lem\u00e9nye ugyanolyan volt mint nek\u00fcnk, \u00e9s sz\u00e9gyennek tartja hogy mennyi  p\u00e9nzt k\u00e9rnek egy foglalkoz\u00e1s\u00e9rt, ami sok esetben nem is a gyerek  \u00e9rdekeit szolg\u00e1lja csak p\u00e9nzt h\u00faznak le a sz\u00fcl\u0151kt\u0151l. Na mindegy, itt  most minden fejleszt\u00e9st megkap \u00e9s megtanuljuk most hogyan tov\u00e1bb. <br \/><br \/>\u00c9n valahol lemondtam arr\u00f3l a v\u00e1gyamr\u00f3l, hogy Fefe szaladg\u00e1ljon. Most  azt tartom fontosnak, hogy \u00e9rtelmileg toppon legyen, besz\u00e9ljen, l\u00e1sson  rendesen, \u00e9s ha ezek megvannak akkor tudunk esetleg tov\u00e1bb haladni.  <br \/><br \/>Most megy\u00fcnk csontkov\u00e1cshoz. szerintem egy ideg ugr\u00e1l neki, \u00e9s m\u00e1r a  nyaka is kezd be\u00e1llni t\u0151le. \u00c9n massz\u00edrozom, de ugye \u00e9n nem vagyok  szakember.","type":"rich"}

Fefe élete

Voltunk csütörtökön a budai Rehabon. A doktornő nagyon kedves volt és ami még  jobban tetszett benne, hogy őszinte. Azonnal beveszik a programban, de  ez is majd csak májusban fog megtörténni, akkor lesz hely és 3 hetes  intenzív terápián vesz részt, ahol komplex fejlesztést kap majd. Ott is  fogunk lakni, hétvégékre hazajövünk majd azért. levették a méreteket kéz  és lábsínre, ülőmodulra és csinálnak neki egy csípő tornáztatót is amit  majd este kell feltenni neki. Rossz állapotban van, de még javítható.  Szerdán megyünk próbára. A dokikról és a Magyarországi helyzetről a  véleménye ugyanolyan volt mint nekünk, és szégyennek tartja hogy mennyi  pénzt kérnek egy foglalkozásért, ami sok esetben nem is a gyerek  érdekeit szolgálja csak pénzt húznak le a szülőktől. Na mindegy, itt  most minden fejlesztést megkap és megtanuljuk most hogyan tovább. <br /><br />Én valahol lemondtam arról a vágyamról, hogy Fefe szaladgáljon. Most  azt tartom fontosnak, hogy értelmileg toppon legyen, beszéljen, lásson  rendesen, és ha ezek megvannak akkor tudunk esetleg tovább haladni.  <br /><br />Most megyünk csontkovácshoz. szerintem egy ideg ugrál neki, és már a  nyaka is kezd beállni tőle. Én masszírozom, de ugye én nem vagyok  szakember.
