{"version":"1.0","provider_name":"Fefe \u00e9lete","provider_url":"https:\/\/eletunkfefe.cafeblog.hu","author_name":"Paku Andrea","author_url":"https:\/\/eletunkfefe.cafeblog.hu\/author\/paku_andrea\/","title":"\u00d6ssze vissza napokat \u00e9l\u00fcnk.","html":"<!--[if gte mso 9]&gt;   Normal  0      21      false  false  false    HU  X-NONE  X-NONE                                       MicrosoftInternetExplorer4                                     &lt;![endif]--><!--[if gte mso 9]&gt;                                                                                                                                                                                                                                                                                    &lt;![endif]--><!--[if gte mso 10]&gt;&lt;![endif]--> <br \/><div> <\/div><div>Fefe rohamai v\u00e1ltoz\u00f3ak, vagyis ink\u00e1bb v\u00e1ltoz\u00f3 id\u0151kben j\u00f6nnek, de m\u00e9g mindig az \u00e9tkez\u00e9s ut\u00e1n lehet r\u00e1 sz\u00e1m\u00edtani, \u00e9s most m\u00e1r ink\u00e1bb este. Itt k\u00f6ze lehet a napok \u00f3ta tart\u00f3 napk\u00f6zbeni nem alv\u00e1snak, \u00e9s a fogz\u00e1snak is. <\/div><div>H\u00e9tf\u0151n mondhatni, hogy borzalmas napunk volt, szeg\u00e9nyk\u00e9m m\u00e1r reggel elkezdte a mindent r\u00e1g\u00e1st, nagyon s\u00edr\u00e1st (val\u00f3sz\u00edn\u0171 itt a s\u00edr\u00e1s miatt nem volt roham), persze kentem neki \u00e9s r\u00e1gott is mindent, kapott f\u00e1jdalomcsillap\u00edt\u00f3t de alv\u00e1s nem j\u00f6tt \u00f6ssze. <\/div><div>A kedd szinte ugyanaz csak f\u00e1jdalom n\u00e9lk\u00fcl, egyszer\u0171en sztr\u00e1jkol az alv\u00e1s ellen, pedig annyira f\u00e1radt volt m\u00e1r hogy az \u00f6lemben elaludt de ahogy v\u00edzszintesbe ker\u00fclt m\u00e1r mondta, hogy aja aja :D <\/div><div>Est\u00e9nk\u00e9n j\u00f6tt 1-2 roham, de ekkorra m\u00e1r val\u00f3sz\u00edn\u0171 annyira f\u00e1radt volt, hogy a m\u00e9ly alv\u00e1sig nem jutott csak nagyon nehezen. <\/div><div>Ma ism\u00e9t pr\u00f3b\u00e1lkozott ev\u00e9s helyett aludni, \u00edgy leraktam az \u00e1gy\u00e1ba, aludt is vagy 20 percet, majd csapott egy hisztit \u00e9s mivel nem voltam most vev\u0151 a balh\u00e9j\u00e1ra (nem ringattam a pop\u00f3j\u00e1t) \u00edgy visszaaludt. <\/div><div><br \/><\/div><div>Am\u00fagy meg szuper \u00fcgyes. Hason nagyon sz\u00e9pen elvan, mikor m\u00e1r kell\u0151k\u00e9ppen felhergelte mag\u00e1t m\u00e9g tapos is a l\u00e1b\u00e1val \u00e9s \u00edgy jut el\u0151re kicsit. Na itt k\u00e9ne felemelnie mag\u00e1t \u00e9s a kez\u00e9t kih\u00faznia \u00e9s el\u0151re raknia, de m\u00e9g mindig annyira feszes, hogy a ny\u00fajt\u00e1s nem megy. <\/div><div>L\u00e1b\u00e1n sz\u00e9pen \u00e1ll, de a l\u00e9peget\u00e9s m\u00e9g mindig nem megy, mintha odabetonozn\u00e1k a l\u00e1b\u00e1t. <\/div><div>A nagy melegben nem ny\u00faztam torn\u00e1kkal, h\u00e1t meg is l\u00e1tszik, olyan kem\u00e9nyek a l\u00e1bai, iszonyat :S<\/div><div>A feszess\u00e9g n\u00e1lunk azt jelenti, hogy ny\u00fajtott \u00e1llapotban van mindig a l\u00e1ba \u00e9s hi\u00e1ba akarn\u00e1 behajl\u00edtani csak m\u00e9g jobban r\u00e1fesz\u00edt. A keze meg az ellenkez\u0151je, mert az hajl\u00edtva van, de olyan er\u0151vel szor\u00edtja n\u00e9ha, hogy fizikai er\u0151vel sem lehetne kiny\u00fajtani. Amikor ny\u00fajtani k\u00e9ne valami\u00e9rt a kez\u00e9t, pl valamit megfogni, iszonyat er\u0151vel hajl\u00edtja \u00e9s h\u00fazza h\u00e1tra. <\/div><span>Most \u00fajra nekiv\u00e1gtunk a suit-os torn\u00e1nak, lehet ennek a hat\u00e1s\u00e1ra tapos m\u00e1r hason \u00fajra. <span>&nbsp;<\/span><br \/>A kifesz\u00edt\u00e9se is alakul, m\u00e1r nem azonnal v\u00e1gja mag\u00e1t el, hanem megtartja mag\u00e1t. A forg\u00e1sa is hasonl\u00f3an zajlik, a l\u00e1bai fesz\u00edtve \u00e9s a fej\u00e9t tekeri \u00e9s a kezei veszett fesz\u00edt\u00e9sben hajl\u00edtva. Hogy ezt mikor tudom le\u00e9p\u00edteni, na azt nem tudom, de b\u00edzok a 12 napos suit-ban ism\u00e9t. Sajnos a kis agya a hajl\u00edt\u00e1st nem nagyon b\u00edrja v\u00e9ghezvinni, azonnal bej\u00f6n a fesz\u00edt\u00e9s amit olyan er\u0151vel tud v\u00e9ghez vinni, hogy emberi er\u0151 k\u00e9ptelen visszatartani. El nem tudj\u00e1tok k\u00e9pzelni, milyen er\u0151vel k\u00e9pes fesz\u00edteni :S<br \/>Az \u00e9rtelme f\u00e9lelmetesen ny\u00edlik \u00e9s fejl\u0151dik, mindent meg\u00e9rt amit mondunk \u00e9s sokszor m\u00e1r v\u00e1laszol is r\u00e1, persze \u00e1ltal\u00e1ban nem \u00e9rtem mit mond, de kommunik\u00e1l ism\u00e9t. <br \/>A l\u00e1t\u00e1sa is jobb, a szem\u00fcveg szerintem k\u00f6zelre biztosan jav\u00edt, tal\u00e1n jobban megl\u00e1tja<span>&nbsp; <\/span>a dolgokat. Kis okoska :)<\/span>","type":"rich"}

Fefe élete

Össze vissza napokat élünk.

<!--[if gte mso 9]&gt;   Normal  0      21      false  false  false    HU  X-NONE  X-NONE                                       MicrosoftInternetExplorer4                                     &lt;![endif]--><!--[if gte mso 9]&gt;                                                                                                                                                                                                                                                                                    &lt;![endif]--><!--[if gte mso 10]&gt;&lt;![endif]--> <br /><div> </div><div>Fefe rohamai változóak, vagyis inkább változó időkben jönnek, de még mindig az étkezés után lehet rá számítani, és most már inkább este. Itt köze lehet a napok óta tartó napközbeni nem alvásnak, és a fogzásnak is. </div><div>Hétfőn mondhatni, hogy borzalmas napunk volt, szegénykém már reggel elkezdte a mindent rágást, nagyon sírást (valószínű itt a sírás miatt nem volt roham), persze kentem neki és rágott is mindent, kapott fájdalomcsillapítót de alvás nem jött össze. </div><div>A kedd szinte ugyanaz csak fájdalom nélkül, egyszerűen sztrájkol az alvás ellen, pedig annyira fáradt volt már hogy az ölemben elaludt de ahogy vízszintesbe került már mondta, hogy aja aja :D </div><div>Esténkén jött 1-2 roham, de ekkorra már valószínű annyira fáradt volt, hogy a mély alvásig nem jutott csak nagyon nehezen. </div><div>Ma ismét próbálkozott evés helyett aludni, így leraktam az ágyába, aludt is vagy 20 percet, majd csapott egy hisztit és mivel nem voltam most vevő a balhéjára (nem ringattam a popóját) így visszaaludt. </div><div><br /></div><div>Amúgy meg szuper ügyes. Hason nagyon szépen elvan, mikor már kellőképpen felhergelte magát még tapos is a lábával és így jut előre kicsit. Na itt kéne felemelnie magát és a kezét kihúznia és előre raknia, de még mindig annyira feszes, hogy a nyújtás nem megy. </div><div>Lábán szépen áll, de a lépegetés még mindig nem megy, mintha odabetonoznák a lábát. </div><div>A nagy melegben nem nyúztam tornákkal, hát meg is látszik, olyan kemények a lábai, iszonyat :S</div><div>A feszesség nálunk azt jelenti, hogy nyújtott állapotban van mindig a lába és hiába akarná behajlítani csak még jobban ráfeszít. A keze meg az ellenkezője, mert az hajlítva van, de olyan erővel szorítja néha, hogy fizikai erővel sem lehetne kinyújtani. Amikor nyújtani kéne valamiért a kezét, pl valamit megfogni, iszonyat erővel hajlítja és húzza hátra. </div><span>Most újra nekivágtunk a suit-os tornának, lehet ennek a hatására tapos már hason újra. <span>&nbsp;</span><br />A kifeszítése is alakul, már nem azonnal vágja magát el, hanem megtartja magát. A forgása is hasonlóan zajlik, a lábai feszítve és a fejét tekeri és a kezei veszett feszítésben hajlítva. Hogy ezt mikor tudom leépíteni, na azt nem tudom, de bízok a 12 napos suit-ban ismét. Sajnos a kis agya a hajlítást nem nagyon bírja véghezvinni, azonnal bejön a feszítés amit olyan erővel tud véghez vinni, hogy emberi erő képtelen visszatartani. El nem tudjátok képzelni, milyen erővel képes feszíteni :S<br />Az értelme félelmetesen nyílik és fejlődik, mindent megért amit mondunk és sokszor már válaszol is rá, persze általában nem értem mit mond, de kommunikál ismét. <br />A látása is jobb, a szemüveg szerintem közelre biztosan javít, talán jobban meglátja<span>&nbsp; </span>a dolgokat. Kis okoska :)</span>
